{"id":1780,"date":"2017-04-29T11:48:07","date_gmt":"2017-04-29T10:48:07","guid":{"rendered":"http:\/\/revistaeco.cepcordoba.es\/?page_id=1780"},"modified":"2017-05-04T03:24:35","modified_gmt":"2017-05-04T02:24:35","slug":"sumario-revista-eco-no-11","status":"publish","type":"page","link":"https:\/\/revistaeco.cepcordoba.es\/index.php\/sumario-revista-eco-no-11\/","title":{"rendered":"Sumario Revista eCO N\u00ba 11."},"content":{"rendered":"<p style=\"text-align: justify;\"><span style=\"font-size: 12pt; color: #800000;\"><strong><span style=\"font-family: arial, helvetica, sans-serif;\">EDITORIAL<\/span><\/strong><\/span><\/p>\n<ul style=\"text-align: justify;\">\n<li><span style=\"font-size: 12pt;\"><strong><a href=\"http:\/\/wp.me\/p8j08t-tq\" target=\"_blank\" rel=\"noopener noreferrer\">Editorial n\u00ba 11<\/a><\/strong><\/span><\/li>\n<\/ul>\n<p>&nbsp;<\/p>\n<p style=\"text-align: justify;\"><span style=\"font-size: 12pt;\"><strong><span style=\"color: #800000;\">ART\u00cdCULOS<\/span><\/strong><\/span><\/p>\n<ul style=\"text-align: justify;\">\n<li style=\"text-align: justify;\"><span style=\"font-size: 12pt;\"><a href=\"http:\/\/wp.me\/p8j08t-aB\" target=\"_blank\" rel=\"noopener noreferrer\">Relaciones internacionales a la carta<\/a>.\u00a0<strong>Ca\u00f1izares Mata, Juli\u00e1n<\/strong><\/span><\/li>\n<li style=\"text-align: justify;\"><span style=\"font-size: 12pt;\"><a href=\"http:\/\/wp.me\/p8j08t-aF\" target=\"_blank\" rel=\"noopener noreferrer\">Cine y tratamiento de la diversidad. Un trabajo en 2\u00ba ESO en torno a \u201cLa conjura de El Escorial.<\/a>\u00a0<strong>Capdevila G\u00f3mez, Antonio Miguel<\/strong><\/span><\/li>\n<li style=\"text-align: justify;\"><span style=\"font-size: 12pt;\"><a href=\"http:\/\/wp.me\/p8j08t-aH\" target=\"_blank\" rel=\"noopener noreferrer\">El Cyberbullying: Una nueva forma de acoso escolar<\/a>.\u00a0<strong>Carrasco Rosa, Ana<\/strong><\/span><\/li>\n<li style=\"text-align: justify;\"><span style=\"font-size: 12pt;\"><a href=\"http:\/\/wp.me\/p8j08t-aJ\" target=\"_blank\" rel=\"noopener noreferrer\">La palme\u00f1a Mar\u00eda de Cazalla y los alumbrados castellanos<\/a>.\u00a0<strong>Castro S\u00e1nchez, \u00c1lvaro<\/strong><\/span><\/li>\n<li style=\"text-align: justify;\"><span style=\"font-size: 12pt;\"><span style=\"font-size: 12pt;\"><a href=\"http:\/\/wp.me\/p8j08t-aN\" target=\"_blank\" rel=\"noopener noreferrer\">El jard\u00edn de las palabras.<\/a>\u00a0<\/span><strong>Corral Pulido, Encarnaci\u00f3n<\/strong><\/span><\/li>\n<li style=\"text-align: justify;\"><span style=\"font-size: 12pt;\"><span style=\"font-size: 12pt;\"><a href=\"http:\/\/wp.me\/p8j08t-aP\" target=\"_blank\" rel=\"noopener noreferrer\">La atenci\u00f3n educativa domiciliaria en Andaluc\u00eda<\/a>.<\/span><strong>\u00a0<\/strong><strong>Fern\u00e1ndez Ramos, Mar\u00eda Jos\u00e9. Torres Vega, Pilar<\/strong><\/span><\/li>\n<li style=\"text-align: justify;\"><span style=\"font-size: 12pt;\"><a href=\"http:\/\/wp.me\/p8j08t-aR\" target=\"_blank\" rel=\"noopener noreferrer\">El impacto del gran proyecto ilustrado de las nuevas poblaciones en la sociedad del antiguo r\u00e9gimen. El caso de Olavide<\/a>.\u00a0\u00a0<strong>Garc\u00eda Cano, Mar\u00eda Isabel<\/strong><\/span><\/li>\n<li style=\"text-align: justify;\"><span style=\"font-size: 12pt;\"><a href=\"http:\/\/wp.me\/p8j08t-to\" target=\"_blank\" rel=\"noopener noreferrer\">El conjunto termal de Bath: Materiales para el cuadernillo de trabajo del intercambio biling\u00fce del I.E.S. \u201cGrupo C\u00e1ntico\u201d.\u00a0<\/a><strong>Gonz\u00e1lez Requena, Rafael<\/strong><\/span><\/li>\n<li style=\"text-align: justify;\"><span style=\"font-size: 12pt;\"><span style=\"font-size: 12pt;\"><a href=\"http:\/\/wp.me\/p8j08t-b0\" target=\"_blank\" rel=\"noopener noreferrer\">Herramientas para la selecci\u00f3n y organizaci\u00f3n de contenidos en Geograf\u00eda de Espa\u00f1a<\/a>.\u00a0<\/span><strong>Lara Fuillerat, Jos\u00e9 Manuel. Moraga Campos, Jos\u00e9<\/strong><\/span><\/li>\n<li style=\"text-align: justify;\"><span style=\"font-size: 12pt;\"><span style=\"font-size: 12pt;\"><a href=\"http:\/\/wp.me\/p8j08t-b6\" target=\"_blank\" rel=\"noopener noreferrer\">Publicidad y G\u00e9nero: la imagen de la mujer en los anuncios publicitarios<\/a>.\u00a0<\/span><strong>Mart\u00ednez Castro, Mar\u00eda del Mar. Moreno D\u00edaz,\u00a0 Rafael<\/strong><\/span><\/li>\n<li style=\"text-align: justify;\"><span style=\"font-size: 12pt;\"><span style=\"font-size: 12pt;\"><a href=\"http:\/\/wp.me\/p8j08t-bg\" target=\"_blank\" rel=\"noopener noreferrer\">Sof\u00eda, un proyecto propio basado en APS Y ABP. La perspectiva geohist\u00f3rica en el estudio y propuesta de reordenaci\u00f3n vial de Villaviciosa de C\u00f3rdoba<\/a>.<\/span><strong>\u00a0Moncalvillo Coracho, Sonia. Pedraza Serrano, Jos\u00e9 Ram\u00f3n<\/strong><\/span><\/li>\n<li style=\"text-align: justify;\"><span style=\"font-size: 12pt;\"><a href=\"http:\/\/wp.me\/p8j08t-bi\" target=\"_blank\" rel=\"noopener noreferrer\">Averroes en C\u00f3rdoba. Pasado y presente. Aproximaci\u00f3n a un proyecto\/experiencia did\u00e1ctica colaborativa, creativa e innovadora<\/a>.\u00a0<strong>Serrano Murillo, Teodosio<\/strong><\/span><\/li>\n<li style=\"text-align: justify;\"><span style=\"font-size: 12pt;\"><a href=\"http:\/\/wp.me\/p8j08t-bk\" target=\"_blank\" rel=\"noopener noreferrer\">L\u00fadico laboratorio. Una propuesta basada en experiencias realizadas en la escuela infantil de Fern\u00e1n N\u00fa\u00f1ez desde su biblioteca escolar<\/a>.\u00a0<strong>Serrano Castro, Isabel<\/strong><\/span><\/li>\n<li style=\"text-align: justify;\"><span style=\"font-size: 12pt;\"><a href=\"http:\/\/wp.me\/p8j08t-bq\" target=\"_blank\" rel=\"noopener noreferrer\">\u201cPlan Tutorial de Apoyo Concertado\u201d: una propuesta de intervenci\u00f3n educativa<\/a>. <strong>Villatoro L\u00f3pez, Juan Carlo<\/strong><\/span><\/li>\n<\/ul>\n<p>&nbsp;<\/p>\n<p style=\"text-align: justify;\"><span style=\"font-size: 12pt; color: #800000;\"><strong>MONOGR\u00c1FICO: PROGRAMAS EUROPEOS<\/strong><\/span><\/p>\n<ul style=\"text-align: justify;\">\n<li><span style=\"font-size: 12pt;\"><a href=\"http:\/\/wp.me\/p8j08t-aD\" target=\"_blank\" rel=\"noopener noreferrer\">Formaci\u00f3n contin\u00faa a trav\u00e9s de programas educativos europeos<\/a>.\u00a0<strong>Araujo Portugal, Juan Carlos<\/strong><\/span><\/li>\n<li><span style=\"font-size: 12pt;\"><span style=\"font-size: 12pt;\"><a href=\"http:\/\/wp.me\/p8j08t-aL\" target=\"_blank\" rel=\"noopener noreferrer\">Programas para la formaci\u00f3n permanente del profesorado en el exterior.\u00a0<\/a><\/span><\/span><span style=\"font-size: 12pt;\"><strong>Cores Bilbao, Esther<\/strong><\/span><\/li>\n<li><span style=\"font-size: 12pt;\"><a href=\"http:\/\/wp.me\/p8j08t-bw\" target=\"_blank\" rel=\"noopener noreferrer\">Programas educativos europeos: Fin y balance de un septenio (Del PAP a Erasmus +)<\/a>. <strong>Bl\u00e1zquez Ruz, \u00a0Francisco Javier<\/strong><\/span><\/li>\n<li><span style=\"font-size: 12pt;\"><span style=\"font-size: 12pt;\"><a href=\"http:\/\/wp.me\/p8j08t-aW\" target=\"_blank\" rel=\"noopener noreferrer\">Nuestra Asociaci\u00f3n Escolar Multilateral: una oportunidad para aprender y consolidar competencias tecnol\u00f3gicas, culturales y deportivas<\/a>.<strong>\u00a0<\/strong><\/span><strong>Jerez Montoya, Trinidad. Segura Alcalde, Enrique<\/strong><\/span><\/li>\n<li><span style=\"font-size: 12pt;\"><span style=\"font-size: 12pt;\"><a href=\"http:\/\/wp.me\/p8j08t-aY\" target=\"_blank\" rel=\"noopener noreferrer\">\u201cDi capacidad\u201d. Gymkana sobre la diversidad dentro de nuestro Proyecto Educativo Europeo Comenius<\/a>.\u00a0<\/span><strong>Torres Redondo, Mar\u00eda del Carmen. Jim\u00e9nez Conde, Claudio Felipe<\/strong><\/span><\/li>\n<li><span style=\"font-size: 12pt;\"><a href=\"http:\/\/wp.me\/p8j08t-b2\" target=\"_blank\" rel=\"noopener noreferrer\">Tales de Mileto en Noruega, o de la dimensi\u00f3n europea de la educaci\u00f3n. Proyecto Comenius Regio Increasing Numeracy Skills (2011-2013)<\/a>. <strong>Mart\u00ednez Serrano, Leonor Mar\u00eda<\/strong>\u00a0\u00a0<\/span><\/li>\n<li><span style=\"font-size: 12pt;\"><a href=\"http:\/\/wp.me\/p8j08t-b4\" target=\"_blank\" rel=\"noopener noreferrer\">Programas educativos europeos o las pol\u00edticas ling\u00fc\u00edsticas de la Uni\u00f3n Europea.<\/a><strong> Mart\u00ednez Serrano, Leonor Mar\u00eda<\/strong><\/span><\/li>\n<li><span style=\"font-size: 12pt;\"><a href=\"http:\/\/wp.me\/p8j08t-b8\" target=\"_blank\" rel=\"noopener noreferrer\">\u201cEuropa con nuestra voz\u201d&#8230; Cambio y apertura de un centro<\/a>.\u00a0<strong>Mu\u00f1oz Rodr\u00edguez, Inmaculada<\/strong><\/span><\/li>\n<li><span style=\"font-size: 12pt;\"><a href=\"http:\/\/wp.me\/p8j08t-ba\" target=\"_blank\" rel=\"noopener noreferrer\">Acciones educativas en el exterior dentro del \u00e1mbito europeo.<\/a>\u00a0<strong>Ochoa Fern\u00e1ndez, Mar\u00eda Luisa<\/strong><\/span><\/li>\n<li><span style=\"font-size: 12pt;\"><a href=\"http:\/\/wp.me\/p8j08t-be\" target=\"_blank\" rel=\"noopener noreferrer\">Cooperaci\u00f3n y coordinaci\u00f3n entre seis centros europeos de educaci\u00f3n secundaria, dentro del marco de los Programas Multilaterales Comenius.<\/a>\u00a0<strong>Pav\u00f3n V\u00e1zquez, Carmen<\/strong><\/span><\/li>\n<li><span style=\"font-size: 12pt;\"><a href=\"http:\/\/wp.me\/p8j08t-bu\" target=\"_blank\" rel=\"noopener noreferrer\">El Erasmus<\/a>. <strong>Pimentel Vel\u00e1zquez, Cynthia Yanin\u00a0\u00a0<\/strong><\/span><\/li>\n<li><span style=\"font-size: 12pt;\"><span style=\"font-size: 12pt;\"><a href=\"http:\/\/wp.me\/p8j08t-bm\" target=\"_blank\" rel=\"noopener noreferrer\">Proyecto Comenius \u201cVivir en las ciudades hist\u00f3rico-art\u00edsticas\u201d<\/a>. <strong>Toribio Garc\u00eda, Manuel<\/strong><\/span><\/span><\/li>\n<li><span style=\"font-size: 12pt;\"><a href=\"http:\/\/wp.me\/p8j08t-bo\" target=\"_blank\" rel=\"noopener noreferrer\">Visitas de Estudio y Estancias Profesionales: El valor de la formaci\u00f3n<\/a>.\u00a0<strong>Velasco Moreno, M\u00aa Isabel<\/strong>\u00a0\u00a0<\/span><\/li>\n<li><span style=\"font-size: 12pt;\"><a href=\"http:\/\/wp.me\/p8j08t-bs\" target=\"_blank\" rel=\"noopener noreferrer\">Proyectos eTwinning: motivos para aprender, motivos para ense\u00f1ar<\/a>.\u00a0<strong>Villatoro L\u00f3pez, Juan Carlos<\/strong><\/span><\/li>\n<\/ul>\n<p>&nbsp;<\/p>\n<p style=\"text-align: justify;\"><span style=\"font-size: 12pt; color: #800000;\"><strong>RESE\u00d1AS<\/strong><\/span><\/p>\n<ul>\n<li style=\"text-align: justify;\"><span style=\"font-size: 12pt;\"><a href=\"http:\/\/wp.me\/p8j08t-bc\" target=\"_blank\" rel=\"noopener noreferrer\">Grupo Gorgias: Ense\u00f1ar a debatir. Ediciones de la Universidad de Murcia<\/a>.\u00a0<strong>Osuna Luque, Rafael<\/strong><\/span><\/li>\n<\/ul>\n<p>&nbsp;<\/p>\n","protected":false},"excerpt":{"rendered":"<p>EDITORIAL Editorial n\u00ba 11 &nbsp; ART\u00cdCULOS Relaciones internacionales a la carta.\u00a0Ca\u00f1izares Mata, Juli\u00e1n Cine y tratamiento de la diversidad. Un trabajo en 2\u00ba ESO en torno a \u201cLa conjura de El Escorial.\u00a0Capdevila G\u00f3mez, Antonio Miguel El Cyberbullying: Una nueva forma de acoso escolar.\u00a0Carrasco Rosa, Ana La palme\u00f1a Mar\u00eda de Cazalla y los alumbrados castellanos.\u00a0Castro S\u00e1nchez, &hellip; <\/p>\n<p><a class=\"more-link btn\" href=\"https:\/\/revistaeco.cepcordoba.es\/index.php\/sumario-revista-eco-no-11\/\">Seguir leyendo<\/a><\/p>\n","protected":false},"author":2,"featured_media":0,"parent":0,"menu_order":0,"comment_status":"closed","ping_status":"closed","template":"template-twocolumnsleft.php","meta":{"jetpack_post_was_ever_published":false,"footnotes":""},"class_list":["post-1780","page","type-page","status-publish","hentry","nodate","item-wrap"],"jetpack_sharing_enabled":true,"jetpack_shortlink":"https:\/\/wp.me\/P8j08t-sI","_links":{"self":[{"href":"https:\/\/revistaeco.cepcordoba.es\/index.php\/wp-json\/wp\/v2\/pages\/1780","targetHints":{"allow":["GET"]}}],"collection":[{"href":"https:\/\/revistaeco.cepcordoba.es\/index.php\/wp-json\/wp\/v2\/pages"}],"about":[{"href":"https:\/\/revistaeco.cepcordoba.es\/index.php\/wp-json\/wp\/v2\/types\/page"}],"author":[{"embeddable":true,"href":"https:\/\/revistaeco.cepcordoba.es\/index.php\/wp-json\/wp\/v2\/users\/2"}],"replies":[{"embeddable":true,"href":"https:\/\/revistaeco.cepcordoba.es\/index.php\/wp-json\/wp\/v2\/comments?post=1780"}],"version-history":[{"count":9,"href":"https:\/\/revistaeco.cepcordoba.es\/index.php\/wp-json\/wp\/v2\/pages\/1780\/revisions"}],"predecessor-version":[{"id":1950,"href":"https:\/\/revistaeco.cepcordoba.es\/index.php\/wp-json\/wp\/v2\/pages\/1780\/revisions\/1950"}],"wp:attachment":[{"href":"https:\/\/revistaeco.cepcordoba.es\/index.php\/wp-json\/wp\/v2\/media?parent=1780"}],"curies":[{"name":"wp","href":"https:\/\/api.w.org\/{rel}","templated":true}]}}