{"id":4324,"date":"2020-04-11T08:51:56","date_gmt":"2020-04-11T07:51:56","guid":{"rendered":"http:\/\/revistaeco.cepcordoba.es\/?page_id=4324"},"modified":"2021-04-10T09:04:38","modified_gmt":"2021-04-10T08:04:38","slug":"sumario-revista-e-co-no-17","status":"publish","type":"page","link":"https:\/\/revistaeco.cepcordoba.es\/index.php\/sumario-revista-e-co-no-17\/","title":{"rendered":"Sumario Revista e-CO N\u00ba 17"},"content":{"rendered":"\n<h3 class=\"rich-text editor-rich-text__editable block-editor-rich-text__editable is-selected\" role=\"textbox\" contenteditable=\"true\" aria-multiline=\"true\" aria-label=\"Escribe el encabezado\u2026\"><strong data-rich-text-format-boundary=\"true\">EDITORIAL<\/strong><\/h3>\n<div class=\"alert alert-success\" role=\"alert\"><p class=\"printonly\"><strong>Important!<\/strong><\/p><\/p>\n<ul>\n<li><b><a href=\"http:\/\/revistaeco.cepcordoba.es\/index.php\/2020\/04\/08\/editorial-9\/\" target=\"_blank\" rel=\"noopener noreferrer\">e-CO n\u00ba 17: .Qu\u00e9 significa ense\u00f1ar oficialmente un idioma. <\/a>Miguel Calvillo Jurado<\/b><\/li>\n<\/ul>\n<p class=\"first-p\"><\/div>\n<h2 class=\"rich-text editor-rich-text__editable block-editor-rich-text__editable is-selected\" role=\"textbox\" contenteditable=\"true\" aria-multiline=\"true\" aria-label=\"Escribe el encabezado\u2026\"><strong data-rich-text-format-boundary=\"true\">ART\u00cdCULOS<\/strong><\/h2>\n<div class=\"alert alert-warning\" role=\"alert\"><p class=\"printonly\"><strong>Warning!<\/strong><\/p><\/p>\n<ul>\n<li><strong><strong><a href=\"http:\/\/revistaeco.cepcordoba.es\/index.php\/2020\/04\/08\/la-educacion-del-valor-patriotismo-y-comprension-del-texto-esencias-transformadoras-para-la-innovacion-curricular\/\" target=\"_blank\" rel=\"noopener noreferrer\">La educaci\u00f3n del valor patriotismo y comprensi\u00f3n del texto<\/a>. Israel Acosta G\u00f3mez, Maritza Esther \u00c1guila Consuegra y Fidel Cubillas Quintana<\/strong><\/strong><\/li>\n<li><a href=\"http:\/\/revistaeco.cepcordoba.es\/?p=4386\" target=\"_blank\" rel=\"noopener noreferrer\"><strong>Juanjo Linares, figura del folclore vinculado al Conservatorio Profesional de Danza de C\u00f3rdoba.<\/strong><\/a> <strong style=\"font-size: inherit;\">Pedro Blanco Cabello y <\/strong><strong style=\"font-size: inherit;\">M\u00aa Carmen del R\u00edo Orozco<\/strong><\/li>\n<li><a href=\"http:\/\/revistaeco.cepcordoba.es\/?p=4589\" target=\"_blank\" rel=\"noopener noreferrer\"><strong>El eslab\u00f3n perdido de la formaci\u00f3n inicial docente<\/strong><\/a>. <strong style=\"font-size: inherit;\">Guillermo Campos Cancino<\/strong><\/li>\n<li><strong><strong><a href=\"http:\/\/revistaeco.cepcordoba.es\/?p=4287\" target=\"_blank\" rel=\"noopener noreferrer\">Un acercamiento a la distinci\u00f3n de los conceptos de fascismo, extrema derecha y populismo de derechas<\/a>. <\/strong><\/strong><strong style=\"font-size: inherit;\">C\u00e9sar Fern\u00e1ndez Le Gal<\/strong><\/li>\n<li><a href=\"http:\/\/revistaeco.cepcordoba.es\/index.php\/2020\/04\/15\/4578\/\" target=\"_blank\" rel=\"noopener noreferrer\"><strong>Una reflexi\u00f3n en torno al discurso dogm\u00e1tico<\/strong><\/a><em>. <\/em><strong>Javier Gimeno Perell\u00f3<\/strong><\/li>\n<li><a href=\"http:\/\/revistaeco.cepcordoba.es\/?p=4293\" target=\"_blank\" rel=\"noopener noreferrer\"><strong>Competencias clave a nivel europeo<\/strong><\/a>. <strong style=\"font-size: inherit;\">Julia Gracia Ord\u00f3\u00f1ez, <strong>Martha Karvounidou y Giovanna Della Monica<\/strong><\/strong><\/li>\n<li><a href=\"http:\/\/revistaeco.cepcordoba.es\/?p=4300\" target=\"_blank\" rel=\"noopener noreferrer\"><strong>El Portfolio Europeo de las Lenguas (PEL) y su versi\u00f3n electr\u00f3nica (e-PEL): una herramienta esencial en la ense\u00f1anza, el aprendizaje y la evaluaci\u00f3n de lenguas<\/strong><\/a>. <strong>Beatriz Mart\u00ednez Serrano<\/strong><\/li>\n<li><strong><a href=\"http:\/\/revistaeco.cepcordoba.es\/index.php\/2020\/04\/16\/qasmuna-bint-ismail-amazona-de-la-poesia-hispano-hebrea-en-lengua-arabe-del-siglo-xii\/\" target=\"_blank\" rel=\"noopener noreferrer\">Qasm\u016bna bint Isma\u2018il, amazona de la poes\u00eda hispano-hebrea en lengua \u00e1rabe del siglo XII<\/a>. Leonor Mar\u00eda Mart\u00ednez Serrano<\/strong><\/li>\n<li><a href=\"http:\/\/revistaeco.cepcordoba.es\/?p=4302\" target=\"_blank\" rel=\"noopener noreferrer\"><strong>Innovar y comprometer en los espacios de formaci\u00f3n docente universitario. Estudios sobre el modelo de ense\u00f1anza invertida en el profesorado en educaci\u00f3n f\u00edsica<\/strong><\/a><em>. <\/em><strong><strong>Daiana Yamila Rigo y Ana Riccetti<\/strong><\/strong><\/li>\n<\/ul>\n<p class=\"first-p\"><\/div>\n<h2><strong data-rich-text-format-boundary=\"true\">EXPERIENCIAS EDUCATIVAS<\/strong><\/h2>\n<div class=\"alert alert-warning\" role=\"alert\"><p class=\"printonly\"><strong>Warning!<\/strong><\/p><\/p>\n<ul>\n<li><strong><a href=\"http:\/\/revistaeco.cepcordoba.es\/?p=4309\" target=\"_blank\" rel=\"noopener noreferrer\">El cancionero popular de Ja\u00e9n: percepciones sobre su pr\u00e1ctica coral. <\/a><\/strong><strong>Azahara Ar\u00e9valo Gal\u00e1n<\/strong><\/li>\n<li><a href=\"http:\/\/revistaeco.cepcordoba.es\/index.php\/2020\/04\/08\/el-regazo-libro-la-didactica-analogica-en-3o-de-geografia\/\" target=\"_blank\" rel=\"noopener noreferrer\"><strong>El regazo-libro: La did\u00e1ctica anal\u00f3gica en 3\u00ba de Geograf\u00eda<\/strong><\/a>. <strong>Josefa Cobos Maroto, M\u00aa Jos\u00e9 Leal Calero y Jos\u00e9 Ram\u00f3n Pedraza Serrano<\/strong><\/li>\n<li><a href=\"http:\/\/revistaeco.cepcordoba.es\/?p=4311\" target=\"_blank\" rel=\"noopener noreferrer\"><strong>Mindfulness en educaci\u00f3n secundaria para la mejora de la convivencia<\/strong><\/a>. <strong style=\"font-size: inherit;\">Mar\u00eda Jes\u00fas Fern\u00e1ndez P\u00e9rula<\/strong><\/li>\n<li><a href=\"http:\/\/revistaeco.cepcordoba.es\/?p=4313\" target=\"_blank\" rel=\"noopener noreferrer\"><strong>eTwinning-Erasmus + : We are European, We are Equal<\/strong><\/a>. <strong>Julia Gracia Ord\u00f3\u00f1ez<\/strong><\/li>\n<li><a href=\"http:\/\/revistaeco.cepcordoba.es\/?p=4315\" target=\"_blank\" rel=\"noopener noreferrer\"><strong>Proyecto \u00a1Nosotros Proponemos!: Geograf\u00eda, Ciudadan\u00eda y Sostenibilidad<\/strong><\/a>. <strong>Ricardo M. Luque Revuelto y Jos\u00e9 Ram\u00f3n Pedraza Serrano<\/strong><\/li>\n<li><a href=\"http:\/\/revistaeco.cepcordoba.es\/?p=4317\" target=\"_blank\" rel=\"noopener noreferrer\"><strong>Unas experiencias emprendedoras<\/strong><\/a>. <strong>V\u00edctor Pablo Pardo Arquero<\/strong><\/li>\n<li><a href=\"http:\/\/revistaeco.cepcordoba.es\/?p=4319\" target=\"_blank\" rel=\"noopener noreferrer\"><strong>Un d\u00eda en Hogwarts<\/strong><\/a>. <strong>Mar\u00eda Victoria Partera Garc\u00eda<\/strong><\/li>\n<li><a href=\"http:\/\/revistaeco.cepcordoba.es\/?p=4322\" target=\"_blank\" rel=\"noopener noreferrer\"><strong>Prevenci\u00f3n del acoso escolar en Educaci\u00f3n Infantil. Hacia el modelo dial\u00f3gico de prevenci\u00f3n y resoluci\u00f3n de conflictos<\/strong><\/a>. <strong>Manuel R\u00edos Mac\u00edas y Violeta Veredas Mill\u00e1n<\/strong><\/li>\n<\/ul>\n<p class=\"first-p\"><\/div>\n<h2><strong data-rich-text-format-boundary=\"true\">MONOGR\u00c1FICO: ENSE\u00d1AR OFICIALMENTE UN IDIOMA<\/strong><\/h2>\n<div class=\"alert alert-warning\" role=\"alert\"><p class=\"printonly\"><strong>Warning!<\/strong><\/p><\/p>\n<ul>\n<li><strong><a href=\"http:\/\/revistaeco.cepcordoba.es\/?p=4357\" target=\"_blank\" rel=\"noopener noreferrer\">El disfrute y la ansiedad en las escuelas oficiales de idiomas de Andaluc\u00eda<\/a>. Irene Acosta Manzano<\/strong><\/li>\n<li><strong><a href=\"http:\/\/revistaeco.cepcordoba.es\/?p=4398\" target=\"_blank\" rel=\"noopener noreferrer\">Las escuelas oficiales de idiomas como centros formadores de docentes en lenguas extranjeras<\/a>. Juan Carlos Araujo Portugal<\/strong><\/li>\n<li><a href=\"http:\/\/revistaeco.cepcordoba.es\/?p=4414\" target=\"_blank\" rel=\"noopener noreferrer\"><strong>Aprendizaje experiencial, aprender haciendo<\/strong><\/a>. <strong>Marta del Pino Ord\u00f3\u00f1ez<\/strong><\/li>\n<li><strong><strong><a href=\"http:\/\/revistaeco.cepcordoba.es\/?p=4363\" target=\"_blank\" rel=\"noopener noreferrer\">La formaci\u00f3n del profesorado de escuelas oficiales de idiomas en tecnolog\u00edas de la informaci\u00f3n y comunicaci\u00f3n<\/a>. <\/strong><\/strong><strong style=\"font-size: inherit;\">Paola Iasci<\/strong><\/li>\n<li><a href=\"http:\/\/revistaeco.cepcordoba.es\/?p=4380\" target=\"_blank\" rel=\"noopener noreferrer\"><strong>Las escuelas oficiales de idiomas: una perspectiva hist\u00f3rica<\/strong><\/a>. <strong>Teresa Li\u00f1\u00e1n Maza<\/strong><\/li>\n<li><a href=\"http:\/\/revistaeco.cepcordoba.es\/?p=4368\" target=\"_blank\" rel=\"noopener noreferrer\"><strong>Speaking palette<\/strong><\/a>. <strong style=\"font-size: inherit;\">Mar\u00eda Dolores L\u00f3pez Fern\u00e1ndez<\/strong><\/li>\n<li><a href=\"http:\/\/revistaeco.cepcordoba.es\/?p=4375\" target=\"_blank\" rel=\"noopener noreferrer\"><strong>Pensamiento visual: experiencia pedag\u00f3gica en la Escuela Oficial de Idiomas Sierra Morena de La Carolina (Ja\u00e9n). <\/strong><\/a><strong>Desiderio L\u00f3pez Herv\u00e1s&nbsp;&nbsp;<\/strong><\/li>\n<li><strong><a href=\"http:\/\/revistaeco.cepcordoba.es\/?p=4409\" target=\"_blank\" rel=\"noopener noreferrer\">Aprendizaje basado en proyectos en escuelas oficiales de idiomas<\/a><\/strong>.<strong> Elena Miranda Verd\u00fa<\/strong><\/li>\n<li><a href=\"http:\/\/revistaeco.cepcordoba.es\/?p=4404\" target=\"_blank\" rel=\"noopener noreferrer\"><strong>La mediaci\u00f3n y su impacto en las aulas de las escuelas oficiales de idiomas<\/strong><\/a>. <strong>Rafael Nadales Bonilla y Margarita Valderrama Molina&nbsp;<\/strong><\/li>\n<\/ul>\n<p class=\"first-p\"><\/div>\n<h2><strong>RESE\u00d1AS<\/strong><\/h2>\n<div class=\"alert alert-warning\" role=\"alert\"><p class=\"printonly\"><strong>Warning!<\/strong><\/p><\/p>\n<ul>\n<li>\n<p class=\"first-p\"><strong><a href=\"http:\/\/revistaeco.cepcordoba.es\/index.php\/2020\/04\/15\/clil-for-all-attention-to-diversity-in-bilingual-education-adibe\/\" target=\"_blank\" rel=\"noopener noreferrer\">Clil for all: attention to diversity in bilingual education (ADIBE)<\/a>. Trinidad Jerez Montoya<\/strong><\/p>\n<\/li>\n<li>\n<p><strong><a href=\"http:\/\/revistaeco.cepcordoba.es\/?p=4347\" target=\"_blank\" rel=\"noopener noreferrer\"><em>GAGNON-ROBERGE, Sophie. Despertar el placer por la lectura. Actividades y sugerencias para todos los gustos. <\/em><\/a> Beatriz Mart\u00ednez Serrano<\/strong><\/p>\n<\/li>\n<\/ul>\n<p><\/div>\n","protected":false},"excerpt":{"rendered":"<p>EDITORIAL ART\u00cdCULOS EXPERIENCIAS EDUCATIVAS MONOGR\u00c1FICO: ENSE\u00d1AR OFICIALMENTE UN IDIOMA RESE\u00d1AS<\/p>\n","protected":false},"author":1,"featured_media":0,"parent":0,"menu_order":0,"comment_status":"closed","ping_status":"closed","template":"template-twocolumnsleft.php","meta":{"jetpack_post_was_ever_published":false,"footnotes":""},"class_list":["post-4324","page","type-page","status-publish","hentry","nodate","item-wrap"],"jetpack_sharing_enabled":true,"jetpack_shortlink":"https:\/\/wp.me\/P8j08t-17K","_links":{"self":[{"href":"https:\/\/revistaeco.cepcordoba.es\/index.php\/wp-json\/wp\/v2\/pages\/4324","targetHints":{"allow":["GET"]}}],"collection":[{"href":"https:\/\/revistaeco.cepcordoba.es\/index.php\/wp-json\/wp\/v2\/pages"}],"about":[{"href":"https:\/\/revistaeco.cepcordoba.es\/index.php\/wp-json\/wp\/v2\/types\/page"}],"author":[{"embeddable":true,"href":"https:\/\/revistaeco.cepcordoba.es\/index.php\/wp-json\/wp\/v2\/users\/1"}],"replies":[{"embeddable":true,"href":"https:\/\/revistaeco.cepcordoba.es\/index.php\/wp-json\/wp\/v2\/comments?post=4324"}],"version-history":[{"count":55,"href":"https:\/\/revistaeco.cepcordoba.es\/index.php\/wp-json\/wp\/v2\/pages\/4324\/revisions"}],"predecessor-version":[{"id":4951,"href":"https:\/\/revistaeco.cepcordoba.es\/index.php\/wp-json\/wp\/v2\/pages\/4324\/revisions\/4951"}],"wp:attachment":[{"href":"https:\/\/revistaeco.cepcordoba.es\/index.php\/wp-json\/wp\/v2\/media?parent=4324"}],"curies":[{"name":"wp","href":"https:\/\/api.w.org\/{rel}","templated":true}]}}